ppose g = 3*y + 2*m - 284, y = -5*m + 172. What is the remainder when y is divided by 79?
73
Let s = -299 + 306. Suppose -3*h + 627 = 2*l - 6*l, -4*l - 5*h - 651 = 0. Let q = -113 - l. Calculate the remainder when q is divided by s.
4
Suppose 6*r = l - 65, -422 = -4*l - 24*r + 21*r. Suppose 28 = m - 6. Calculate the remainder when l is divided by m.
33
Suppose 3*r - 4111*n + 4106*n - 140 = 0, 4*r = -5*n + 175. Suppose 0 = -4*t + 41 - 9. What is the remainder when r is divided by t?
5
Let p be (1 - (-34)/(-4))/((-1)/6). Let h be 10/p - 76/18. Let z = h - -7. Calculate the remainder when 4 is divided by z.
1
Let l = -35 - -39. Let j = l + 82. What is the remainder when j is divided by 18?
14
Let x = -3 - -175. Let u = x - 165. Calculate the remainder when u is divided by 3.
1
Let f be (-3)/(-39)*2 - (-384)/39. Let x = -73 - -124. Let z = x - f. What is the remainder when 79 is divided by z?
38
Calculate the remainder when 6622/176 + 3/8 is divided by 729/162 - (-10)/4.
3
Let g = -43 - -77. Let l(h) = 6*h**2 - 16*h - 59. Let n = 76 - 80. Calculate the remainder when l(n) is divided by g.
33
Suppose -q + 17 = -g + 4, -4*q - 5*g = -61. Suppose m - 14 = -0*m. What is the remainder when q/2 + 12 - -6 is divided by m?
11
Suppose -5*g + 1 = -5*c - 19, 4*g = -2*c + 10. What is the remainder when 138 is divided by (80/50)/(((-1)/45)/c)?
66
Let j(h) = -h**3 + 15*h**2 + h - 154. Calculate the remainder when 739 is divided by j(10).
27
Suppose -2*d - 2*m - 678 = 0, -1502 = 4*d - 4*m - 170. Let n = d + 392. Calculate the remainder when n is divided by 15.
11
Let s(p) = 7*p**2 - 10*p - 86. What is the remainder when 237 is divided by s(5)?
3
Let d(y) be the first derivative of 11*y**2/2 - 346*y - 213. Calculate the remainder when d(33) is divided by 2 + (7 - 1) + -1.
3
Suppose -4*v + 12 = -0*v - 3*w, 0 = -5*v - 3*w + 15. Calculate the remainder when 393 is divided by v.
0
Let j(l) = l**3 - 9*l**2 + 55*l + 8. Calculate the remainder when j(10) is divided by 143.
86
Let j be ((-12)/(-9) + 2)/(15/68040). Suppose -530*m = -516*m - j. What is the remainder when m is divided by 19?
16
Let x be 5*(-4)/(-60)*24/4. Suppose -x*t + 4*c = -18, -27*c = 4*t - 24*c - 69. Calculate the remainder when 224 is divided by t.
14
Let q(m) = 2*m - 3. Let f be q(3). Suppose -15 = f*j - 63. Let h = 18652 - 18610. What is the remainder when h is divided by j?
10
Let t(j) = -6*j**3 + j**2 + 7*j + 6. Let q be t(-1). Suppose n + 4*d = 148, q*n - 3*n - d = 483. Calculate the remainder when n is divided by 23.
22
Let l = -27 + 28. Let v be (l + -4)*4/6. What is the remainder when 0 + v/4*-164 is divided by 29?
24
Let s(f) = 543*f**3 - 2*f**2 + 6*f - 5. Let w be s(1). Suppose 123 = 19*j - w. What is the remainder when 160 is divided by j?
20
Suppose 6*w - 3*w + 4*w = 1568. What is the remainder when w is divided by 210?
14
Suppose 4*w - 160 = c + 9, 4*c + 104 = 3*w. Suppose 0 = 2*b - 3 - 5. Suppose 0 = b*o - o - 69. What is the remainder when w is divided by o?
21
Let v(h) = -h**2 - 8*h**3 - 5*h - h**2 + 13*h**3 - 6*h**3 - 3. Let z be v(-3). Suppose -5*f = -2*f - z. Calculate the remainder when f is divided by 3.
1
Suppose -9*m + 15*m - 6 = 0. Calculate the remainder when 145 is divided by (112/70)/((m/(-20))/(-1)).
17
Suppose 6*j - 20 = 4. Let u = 52 + 60. Suppose u = 3*v + j. What is the remainder when 105 is divided by v?
33
Let a(l) = 4*l**3 + 128*l**2 + 520*l + 27. What is the remainder when a(-27) is divided by 206?
155
Calculate the remainder when (4/((-40)/42))/((-3)/795) is divided by 161.
147
What is the remainder when (-20)/(60/(-9)) + 4525 is divided by 151?
149
Let y be (-24660)/36*6/(-10). Let t = 816 - y. What is the remainder when t is divided by 24?
21
Let l(g) = -g**2 + 17*g + 15. Let s be l(7). Suppose 2*m + s + 247 = a, m = -3*a + 961. Calculate the remainder when a is divided by 25.
22
Suppose -36*s = -32*s - 8, -5*s = 2*r - 790. Suppose 0 = -2*i + 46 - 12. Calculate the remainder when r is divided by i.
16
Let r(i) = -2*i**3 + 3*i**2 + i - 5. Let j be r(4). Let w = -54 + 107. Calculate the remainder when w is divided by (-135)/j*(0 + 9).
8
Let g = 1 + 28. Let n(a) = -298*a - 1466. What is the remainder when g is divided by n(-5)?
5
What is the remainder when (-666)/(-1221) - 3420/(-22) is divided by 36?
12
Let b = -8197 + 9855. What is the remainder when b is divided by 332?
330
Suppose -12 = 3*k, z + 108*k - 107*k - 408 = 0. Calculate the remainder when z is divided by 120.
52
Let z(s) = 5*s - 8. Let b be z(-6). Let m = b + 56. Let q(t) = t**3 - 33*t**2 - 68*t - 37. Calculate the remainder when q(35) is divided by m.
15
Let z = 4529 - 4418. What is the remainder when 539 is divided by z?
95
Let s = 40 - 0. Suppose -34*t - 24*t + 4*t = -17226. Calculate the remainder when t is divided by s.
39
Suppose 4*s = 3*u - 217 + 194, -4*u + 60 = 2*s. Calculate the remainder when 1387 is divided by u.
9
Let q = -456 - -675. Let v(h) = -485*h - 47486. What is the remainder when v(-98) is divided by 2/(-6) - q/(-9)?
20
Let i = 6820 - 6755. Calculate the remainder when 713 is divided by i.
63
Suppose 4*v = -81 - 123. Let w = v + 103. Let p = 167 - w. Calculate the remainder when p is divided by 40.
35
Let z = -8467 - -8494. What is the remainder when 1289 is divided by z?
20
Let q(j) = j + 17. Suppose 0 + 1 = t. Suppose 2*s - 3 = -t, -5*h = -5*s - 15. What is the remainder when q(5) is divided by h?
2
Let h be 34/51*3/3*-69. Let z = 137 + h. What is the remainder when z is divided by 39?
13
Let p = -638 - -1070. Let z = p + -363. What is the remainder when 81 is divided by z?
12
Calculate the remainder when 5246 is divided by (11 - (4 - 8)) + 10.
21
Let h be -1*1/1 + 4/(-4). Let r be 205 + (0/(-2) - h). Let g = r + -77. What is the remainder when g is divided by 12?
10
Let w(h) = h**2 + 106*h + 404. Let n be w(-4). Let l be -1 - (-1 + 2) - 0. What is the remainder when 13 is divided by -2 - n - (-4 - l/1)?
1
Suppose -1113 = -43*i + 934 - 241. Let w(t) = 16*t**3 - 1. Calculate the remainder when i is divided by w(1).
12
Let p = 2923 + -2914. Let h be (3 + 1)*15/(-12). Calculate the remainder when p is divided by (-5)/(-2)*(-18)/h.
0
Let f(l) = l**3 + 5 + 2*l**3 - 5*l**2 - 2*l**3 + 2*l. Let u = -24613 - -24619. Calculate the remainder when f(5) is divided by u.
3
Let l(c) = -5*c**2 - 34*c + 110. Let f(g) = 3*g**2 + 23*g - 73. Let s(y) = 8*f(y) + 5*l(y). What is the remainder when 137 is divided by s(8)?
11
Suppose 45 = -6*b + 57. What is the remainder when 47 is divided by 6/(-4) + b + 98/4?
22
Let i = 14 + 10. Suppose -4537*l = -4490*l - 1363. What is the remainder when l is divided by i?
5
Suppose -h + 14*b - 17*b = -608, 0 = 2*h + 2*b - 1192. What is the remainder when h is divided by 57?
20
Let n = 1338 - 8. Suppose -9*k - 160 + n = 0. Let u = 57 - 13. Calculate the remainder when k is divided by u.
42
Suppose -4*t = 2*f - 8104, 3838 = 3*t - 3*f - 2258. What is the remainder when t is divided by 29?
27
Let o = 21 + -14. Let a(t) = t**3 - 45*t**2 + 12*t - 351. Let m be a(45). Suppose -o*z = 28 - m. What is the remainder when z is divided by 8?
7
Let d(t) = -t**2 - 11*t - 4. Let p = -18427 + 18439. What is the remainder when d(-9) is divided by p?
2
Let h be ((-49)/294)/((-1)/(-3))*-10. Suppose 231 = 5*f - h*r - 279, 8 = 4*r. Calculate the remainder when f is divided by 35.
34
Let j = 1416 - 1009. Let w = -146 + j. What is the remainder when w is divided by 12?
9
Suppose 10*t + 33*t + 241*t - 10224 = 0. What is the remainder when 215 is divided by t?
35
Let t = -1176 + 1202. Let d(v) = -v**3 + 8*v**2 - 6*v + 2. Let u = -8 - -15. What is the remainder when t is divided by d(u)?
8
Let d be ((-20)/(-16))/(1/4). Let x(k) = 2*k + 9. Let b(z) = z**2 - 3*z - 14. What is the remainder when b(-9) is divided by x(d)?
18
Let t = -11 + 7. Suppose -2*d = v - 37 - 50, 2*v - 5*d - 138 = 0. Calculate the remainder when v is divided by 382*2/28 + t/14.
25
Let i = 17 + -16. Suppose -5*a - 39 = i. Let s = 10 - a. Calculate the remainder when 71 is divided by s.
17
Let s = 3861 + -3595. What is the remainder when s is divided by 15?
11
Let y(l) = l**2 + 12*l - 10. Suppose t = -4*h - 15 + 5, -2*t - 5*h - 26 = 0. Calculate the remainder when y(t) is divided by 21.
14
Suppose -1152 = -531*r + 387*r. 